 = -p*y + 2322. List the prime factors of y.
3, 43
Let w be (-5)/2*-2*9/45. Let n be (w + 0)*(13 + -14). What are the prime factors of (4 + (-27)/6)/(n/28)?
2, 7
Let d(c) = -9*c**2 + 1 + 9*c**2 - 6*c**3. Let p be d(1). Let g(r) = -2*r**3 - 8*r**2 - 2*r + 3. List the prime factors of g(p).
3, 7
Suppose 1662 = 3*a - 0*a. Let q = -394 + a. Let o = q - 37. List the prime factors of o.
3, 41
Let q(r) = -3*r**3 - r**2 - 4*r + 3. Let h be q(-4). Suppose 0 = -46*k - 950 - 1166. Let g = h + k. What are the prime factors of g?
149
Let r = 57151 - 28431. What are the prime factors of r?
2, 5, 359
Suppose 28*b - 8932 - 47600 = 0. What are the prime factors of b?
3, 673
Let a(r) = r - 2. Let v be a(5). Suppose v*g = -0*g + 606. Let n = g + -113. What are the prime factors of n?
89
Let s(f) be the first derivative of f**4/4 - 5*f**3/3 - 3*f**2/2 + 8*f - 22. Let z be s(4). Let t = 94 - z. List the prime factors of t.
2, 3, 19
Let d(c) = -c**3 - 18*c - 9. Let v be d(-13). Let p = v - 1108. List the prime factors of p.
2, 3, 73
Let b be 1735/(-20) + (-3)/(-4). List the prime factors of 5/20*-4 - b.
5, 17
Suppose 23 = -5*r - 2, 3*r + 27 = 3*g. Let z = 504 - -565. Suppose 5*s = -4*f + z, -3*f = -g*f - 3*s + 276. What are the prime factors of f?
3, 29
Let d be 75/(-100)*(2 + -34). Suppose 4068 + 5940 = d*b. List the prime factors of b.
3, 139
Suppose -54*i + 3118564 = 63*i + 835075. List the prime factors of i.
29, 673
Let u(r) = r**2 - r + 1. Let k(z) = -20*z + 22*z - 22 + 4*z**2 - z**2. Let m(g) = k(g) - 2*u(g). What are the prime factors of m(7)?
53
Let o(d) = -14*d**3 + 3*d**2 - d + 20. Let i be o(-6). Let a = -1323 + i. List the prime factors of a.
5, 367
List the prime factors of (-26 - -8) + -12 + 20177.
20147
Let p(z) = -z**2 - 6*z - 1. Let r be p(-6). Let w(l) = 156 - 308 + 38*l**2 + 153. What are the prime factors of w(r)?
3, 13
Let j be (-20)/6*6/(-10). Suppose -3 = 3*v - j*x + 8, -5*v - 9 = -x. What are the prime factors of (-15)/((3 - 3) + v)?
3, 5
Let k(a) = 26*a**3 - 16*a**2 - 12*a + 62. What are the prime factors of k(8)?
2, 11, 557
Suppose 0 = 2*w - 2489 - 1219. What are the prime factors of w?
2, 3, 103
Let l be ((-88)/(1*-2))/((-18)/(-18)). Let f = l + -461. Let j = 588 + f. List the prime factors of j.
3, 19
Let k be (-13711)/(-6) + (175/(-42) - -4). Suppose 285 = -10*u + k. List the prime factors of u.
2, 5
Let d(m) = -24*m**3 - 8*m**2 - 2*m - 12. Let a(v) = v**2 + v + 1. Let l(w) = -6*a(w) - d(w). What are the prime factors of l(2)?
2, 3, 11
Let k = -801 + 1229. Let a = 515 - k. List the prime factors of a.
3, 29
Let q = 15373 + -8591. What are the prime factors of q?
2, 3391
Suppose 36 + 45 = -9*l. Let x(h) = 2*h**2 + 18*h + 6. Let k be x(l). Suppose 3*q + k*r - 8*r - 320 = 0, -2*r = -2*q + 212. What are the prime factors of q?
2, 3
Suppose 328 = 3*s - 1802. Suppose -5*h + s = 2*w, -2*w + 5*h + 1090 = w. Suppose 1085 = 5*i + w. List the prime factors of i.
5, 29
Let a(w) = 10*w**2 - 60*w - 1399. What are the prime factors of a(-22)?
3, 23
Let f(q) be the second derivative of q**5/60 - q**4/3 - 21*q**2/2 + 17*q. Let a(i) be the first derivative of f(i). What are the prime factors of a(13)?
5, 13
Suppose j + 14 = h, -17*j + 22 = 2*h - 22*j. Suppose 652 + 1956 = h*k. What are the prime factors of k?
163
Let l(p) = 2*p**3 + 33*p**2 - 113*p + 8. What are the prime factors of l(22)?
2, 5, 7, 71
Let x(z) = 7*z**2. Let u be x(1). Suppose u*p - p = -0*p. Let b(o) = -o**2 - 2*o + 175. What are the prime factors of b(p)?
5, 7
Suppose j + 5*a = 71, -47 = -j + 7*a - 6*a. Suppose -2*l + 4*b + 187 = j, -3*b = 4*l - 327. List the prime factors of l.
2, 3, 13
Let j(o) = 36*o + 12942. Let h be j(0). Suppose -s = -19*s + h. List the prime factors of s.
719
Suppose d + 823 = 2*f, -2*f = d + 132 - 945. List the prime factors of f.
409
Suppose 0 = 52*k - 444162 - 454450. List the prime factors of k.
11, 1571
Suppose 0*w + 48824 = 2*w + i, -122071 = -5*w + 3*i. What are the prime factors of w?
24413
Let c(a) = 3*a - 55. Let b be c(19). Suppose j = -1 + 5. Suppose -5*s + 6*s - 115 = b*n, -j*n + 645 = 5*s. What are the prime factors of s?
5
Suppose -d + 420 = -3*d - 4*w, -2*d - 411 = -5*w. Let n = d + 452. Suppose 0 = 4*u + 3*j - n, 3*u - 70 = j + 100. What are the prime factors of u?
2, 29
Let v(b) = -810*b + 98. Let y be v(2). Let k = -372 - y. What are the prime factors of k?
2, 5, 23
Suppose b = -2*c + 6 + 8, -c = -4*b - 7. Suppose c*n - 9*n = -4. Suppose 2*y - 80 = -3*s, -2*y = -n*s - 3*y + 52. List the prime factors of s.
2, 3
Let g be 0/(2 - -2) - -5. Suppose 0 = f + 4*d - 0*d - 213, -5*f - g*d + 1095 = 0. Suppose 31 = -2*l + f. List the prime factors of l.
5, 19
Let i(n) = 2*n**2 + 13*n - 15. Let z be i(13). Suppose 9*f = 5*f + z. Suppose -4*w = -3*w - f. What are the prime factors of w?
3, 41
Let l be (6 - 0)*(1 - (-10)/5). Suppose 2*f = -q + l, 5*f + 2*q = 4*q + 36. Suppose -2*x = 2*x - f. What are the prime factors of x?
2
Let o(q) = q**3 - 4*q**2 + 6*q - 9. Let i(h) = 2*h**3 - h**2 + 1. Let c(g) = 2*i(g) + o(g). What are the prime factors of c(4)?
241
Let v(h) = 2*h**2 + 207*h + 1844. What are the prime factors of v(109)?
11, 29, 151
Suppose 177 + 6925 = p - 5*i, -3*i + 49676 = 7*p. What are the prime factors of p?
47, 151
Let n = -2950 + 5874. Suppose 121*i - n = 117*i. List the prime factors of i.
17, 43
Suppose 16625 + 40603 = 6*d. List the prime factors of d.
2, 19, 251
Let b = 34112 - 7270. List the prime factors of b.
2, 13421
Let d(a) = -a**3 - 8*a**2 - 17*a - 1. Let x be d(-4). Suppose 0*g - g + 5*h + 96 = 0, x*h - 536 = -5*g. List the prime factors of g.
2, 53
Let i = 314 - 375. Let a = 24 + -39. Let c = a - i. List the prime factors of c.
2, 23
Let l = 44380 - 24823. What are the prime factors of l?
3, 41, 53
Suppose -4*k = -3*b - 941, 0*b = -4*b - 12. List the prime factors of (-2 + 1)*3/((-3)/k).
233
What are the prime factors of (22774/295)/((-3)/(-75))?
2, 5, 193
Suppose 36*s - 10906 = 43*s - 360458. What are the prime factors of s?
2, 3121
Let q = -138 + 2118. Let k = -1208 + q. List the prime factors of k.
2, 193
Let y = 6298 - 442. List the prime factors of y.
2, 3, 61
Let o(s) = 3*s**3 + 4*s**2 - 13*s + 3. Let r(f) = f**3 - 2. Let d(m) = o(m) - 2*r(m). List the prime factors of d(7).
5, 7, 13
Let k = 223166 + -126885. List the prime factors of k.
96281
Let t(d) = -3*d + 15. Let w be t(4). Let y be (w/12*0)/3. Suppose 1626 = 5*h + 4*c + 458, -h - 2*c + 230 = y. List the prime factors of h.
2, 59
Suppose -2*r = -3*m + 7546 + 2810, 3*m - 10374 = 5*r. List the prime factors of m.
2, 431
Let p = 62534 - 17960. What are the prime factors of p?
2, 3, 17, 19, 23
Suppose 74 = 35*c - 31. Suppose -4129 = -c*n - 4*a, -9*n + a + 2749 = -7*n. List the prime factors of n.
5, 11
Suppose 11408 + 10462 = 10*d. What are the prime factors of d?
3
Let t(d) = 3*d - 10. Let a be t(5). Suppose a*y + 1345 = 2*i, -2*y - y = -4*i + 2683. List the prime factors of i.
2, 5, 67
Suppose 0 = -o - 4*o - 5*f + 1180, 2*o = 3*f + 462. Let d = -127 + o. Suppose 5*z + 349 = 4*u, 2*u - d - 64 = -z. What are the prime factors of u?
2, 43
Let q(x) = -34 - 40 - 35 + 13*x + 37*x**2 + 112. List the prime factors of q(-4).
3, 181
Suppose 0 = -5*x - 2*w - 18, -3*x - x = -w + 4. What are the prime factors of 2*((-19)/x - 4)?
11
List the prime factors of ((-1548 + -22)/(-2))/(-1 + 2).
5, 157
Let g(t) = -14*t - 124. Let n be (-9 - -10) + -1 + -26. What are the prime factors of g(n)?
2, 3, 5
Let x(h) = -h**3 + 14*h**2 + 14*h + 20. Let a be x(15). Suppose 0 = -g + b + 4*b + 944, 2*g = -a*b + 1858. What are the prime factors of g?
2, 467
Suppose -u - 2 = 0, 10009 + 9307 = 5*k - 3*u. What are the prime factors of k?
2, 1931
Let b = 1576 + -2581. Let l = b - -2466. What are the prime factors of l?
3, 487
Let y = 61472 + -35674. List the prime factors of y.
2, 12899
Suppose 27*q = 29*q + 4. Let k be q/3 - 416/(-39). List the prime factors of (-8 + k)/((-2)/(-81)).
3
Let l(d) = 101*d**2 + 79*d + 392. List the prime factors of l(-6).
2, 1777
List the prime factors of 1342510/92 + 3 + -19 - 10/(-4).
61, 239
Let h(u) = -u**2 + 9*u - 20. Let d be h(6). Suppose 0 = -5*r - 35 + 20. List the prime factors of (d/(-6))/((-2)/(414/r)).
23
Suppose 5*f + 30 = 0, -6050 = -h - f + 671. List the prim